4 + 32. What is the greatest common divisor of 18 and v?
18
Let c(q) = 7*q**2 + 2*q - 3. Let h be c(3). What is the greatest common factor of 6 and h?
6
Suppose 4*s + 4*z = 36, -43 = -0*s - 5*s - 4*z. Calculate the greatest common divisor of 7 and s.
7
Suppose -7*s + 11*s + 16 = 0. Let l be (6/4)/(s/(-552)). Calculate the highest common divisor of l and 23.
23
Let g(p) = -p**2 + 4*p. Let c be g(3). Let b be 1/2*c*6. What is the greatest common divisor of 1 and b?
1
Let c(o) = o**3 + 7*o**2 + 7*o + 9. Let v be c(-6). Suppose v*s + f = 5*f + 125, -s = 2*f - 25. What is the greatest common divisor of 14 and s?
7
Suppose -3*v = 2*v - 625. Calculate the greatest common divisor of v and 50.
25
Suppose -198 = -5*q + 227. Let m be (-4)/2 - (3 - 39). What is the highest common factor of m and q?
17
Let d be (-3 - (-30)/9)*21. Calculate the highest common factor of d and 7.
7
Suppose 4*d = -3*d + 735. Calculate the highest common divisor of d and 21.
21
Suppose 56 = 3*j + j. Let t(m) = m - 182. Let h be t(0). Let q = h - -336. Calculate the highest common divisor of q and j.
14
Let f(h) = -9*h**2 + 2*h - 3. Let a be f(3). Suppose 3*p + 673 = 4*n, 4*n - 676 = -2*p + 2. Let k = n + a. What is the highest common factor of 13 and k?
13
Suppose 4*o + 5*k = 100, 0*o + o - 5*k = 50. Suppose 36 = x - 5. Let v = -21 + x. Calculate the highest common divisor of o and v.
10
Let j = 96 - 59. Calculate the highest common factor of 37 and j.
37
Let f be (1 + 3)*1/(-2). Let q be (2 - -12)*(-1)/f. What is the highest common factor of 35 and q?
7
Suppose -17 = 3*c - 8*c - x, -2*c = 2*x - 10. Suppose -24 = -c*l + 12. What is the greatest common factor of 12 and l?
12
Suppose -5*v = 27 + 8. Let a(w) = -13*w - 10. Let b be a(v). What is the greatest common factor of 9 and b?
9
Suppose 0 = -4*q - 5*m + 68, 2*q - 2*m = 6*q - 56. Calculate the highest common divisor of 132 and q.
12
Suppose 0 = j - 0*j + 5*v + 14, 2*j + v - 8 = 0. What is the greatest common divisor of j and 102?
6
Let m(q) = q**2 - 10*q + 9. Let b be m(9). Suppose k + 0*k - 6 = b. What is the highest common divisor of k and 42?
6
Suppose 0 = 4*i - 22 - 58. What is the greatest common divisor of 16 and i?
4
Let m be (-2 - -4) + (-34)/(-1). Let i = m + -26. Let r = -89 - -159. Calculate the highest common factor of i and r.
10
Suppose 8 = 2*y + 2. Calculate the highest common divisor of y and 6.
3
Let g = -20 - -71. What is the greatest common factor of g and 34?
17
Let t = -6 - -8. Let w = 23 - 13. What is the greatest common factor of t and w?
2
Suppose 2*h = 6 + 8. Let l(v) = -h + 8 - 83*v - 14*v. Let p be l(-1). Calculate the greatest common factor of p and 14.
14
Let a be (-58)/6*-3 - 1. Let r(v) = v**2 - 11*v + 16. Let k be r(13). What is the highest common factor of k and a?
14
Suppose 0*l = -l + 30. Let f be ((-680)/51)/(4/(-6)). Calculate the highest common divisor of f and l.
10
Let n be 1/3 - (-94)/6. What is the highest common factor of 2 and n?
2
Suppose 0*x - 5*x + 30 = 0. Calculate the highest common factor of 24 and x.
6
Let g = 8 + -3. Suppose -3*v = 3*k + 2*v + 29, -g*k - 3*v - 59 = 0. Let m = k - -20. What is the highest common factor of m and 1?
1
Let t(c) = c**3 + 11*c**2 - 12*c + 15. Let d be t(-12). Calculate the highest common divisor of 45 and d.
15
Suppose 2*z - 4*z - 2*v = -74, -4*z - 5*v = -147. Suppose -166 + z = -4*m. What is the highest common factor of 16 and m?
16
Let l = -42 + 20. Let g be 92/22 - (-4)/l. Let n(o) = -o**3 + 4*o**2 + o - 2. Let p be n(4). Calculate the greatest common divisor of p and g.
2
Suppose -12*s = 10 - 106. Calculate the greatest common divisor of 152 and s.
8
Let a = 34 + -22. Let g be (-4)/a - 22/(-3). Calculate the greatest common factor of 49 and g.
7
Let h(k) be the first derivative of -k**3/3 + 7*k**2/2 + 3*k + 1. Let f be h(7). Suppose f*x = -8 + 23. Calculate the greatest common factor of 20 and x.
5
Let n be 3 + -7 + 0 + 0. Let m(c) = c**2 + c + 9. Let q be m(n). What is the highest common divisor of 7 and q?
7
Suppose -2*b = -3*b + 5, 0 = 3*o - 2*b - 17. Suppose -3*y + y + i + 1 = 0, -5*y - 4*i = 4. Let a = y - -18. Calculate the highest common factor of o and a.
9
Suppose 10*l - 5*h = 5*l + 45, -12 = -3*l - 2*h. What is the highest common factor of 2 and l?
2
Suppose -88 = -3*f - 5*b, 3*f + 2*b - 91 = -0*b. Let p = f + -17. What is the greatest common divisor of p and 14?
14
Let h(x) be the second derivative of 2*x**3/3 + x**2 + 2*x. Let n(m) = -m - 2. Let k be n(-4). Let f be h(k). What is the highest common factor of 10 and f?
10
Let j(q) = 23*q + 1. Let x be j(2). Calculate the greatest common divisor of x and 235.
47
Suppose -150 = -5*x - 4*w - 35, 0 = -5*x - 3*w + 120. Calculate the highest common factor of x and 3.
3
Suppose 3*g - 3 - 3 = 0. Suppose 3*v - 4*y = -g*y + 16, 3*y = -15. Calculate the greatest common factor of v and 16.
2
Let h(g) = 3*g + 6. Let m be h(8). Calculate the greatest common divisor of 165 and m.
15
Let h be -4 - (-42)/(7 + -4). Calculate the highest common divisor of 25 and h.
5
Let x(v) = 4*v**2 + 6*v + 2. Let j be x(-4). Let g(o) = 6*o + 8. Let b be g(1). Calculate the highest common factor of j and b.
14
Let a be 4959/39 - (-2)/(-13). Let i = a - 64. What is the greatest common factor of 9 and i?
9
Suppose 9*k - 15 = 174. What is the highest common factor of k and 21?
21
Let k be (-3)/(6/4) - -3. Let b be 41 - 1/(2 - k). Let t(m) = -m**2 + 9*m - 8. Let y be t(6). Calculate the greatest common divisor of y and b.
10
Suppose -3*o - 24 = -5*o - 5*r, r - 14 = -5*o. What is the highest common divisor of o and 16?
2
Let o = 29 + -19. What is the highest common divisor of 10 and o?
10
Let a(r) = 8*r - 17. Let c be a(13). What is the highest common divisor of 29 and c?
29
Let b(j) = -5*j**3 + 3*j**2 - 5*j + 2. Let u be b(-4). Let y = u + -170. What is the greatest common divisor of y and 20?
20
Suppose -5*y = -60 - 0. Let q(b) = -b**3 + 6*b**2 - 5*b. Let w be q(4). What is the highest common divisor of y and w?
12
Suppose -2*x + 4 = 2*w, 5*w - 8 = -5*x + 2*x. Suppose -5*b = -5*d, 4*d = d + 4*b - w. Let u be 0 + 61 + (-1)/d. What is the greatest common factor of u and 20?
20
Let h = -35 - -152. What is the greatest common divisor of 9 and h?
9
Let z be (2/6)/(1/279). Let a = z + 116. What is the greatest common factor of a and 19?
19
Let g(k) = 10*k - 4. Let c be -1*5/2*-2. Let w be g(c). Let f be (-5 - -3) + 2 + 66 + 3. Calculate the highest common divisor of w and f.
23
Let x = 76 - 21. What is the greatest common factor of x and 11?
11
Let m(w) = w**2 + 4. Suppose 0 = -0*c - 5*c - 4*k, 0 = 4*c - 5*k - 41. Let x be m(c). Suppose p = 3 + 2. Calculate the greatest common factor of p and x.
5
Let h = 52 - 20. Suppose -2*l = -52 - h. Let n(k) = -3*k**3 + 2*k**2 + k - 2. Let r be n(-2). What is the highest common divisor of l and r?
14
Let z be (-4)/(-6) + 75/9. Suppose 5*d = f - 14, 2*d - 5*f = d + 2. Let o = z + d. Calculate the greatest common factor of o and 24.
6
Suppose t - 28 = -0*t. Suppose 0 = -4*x + v + 281, -x + 2*v + 282 = 3*x. Calculate the greatest common divisor of t and x.
14
Let i(g) = 27*g**2 + 4*g - 3. Let d be i(1). Calculate the highest common divisor of 70 and d.
14
Let m(r) = 30*r**2 + 2*r - 1. Let s be m(-2). Suppose -103 - s = -5*z + 4*t, -z = 5*t - 32. Let o = 108 + -3. What is the highest common factor of z and o?
21
Suppose 4*v = 4*g + 68, -v + 6 = -2*g - 16. What is the greatest common factor of v and 12?
12
Let n be 87/4 + 9/(-12). Calculate the highest common factor of 7 and n.
7
Let s(v) = 7*v - 2. Let n be s(1). What is the highest common factor of n and 40?
5
Suppose 0 = 2*r - 2. Suppose -2*u + 39 = -5*l, 0 = 2*l - r - 5. What is the highest common divisor of 18 and u?
9
Suppose -h - i = -5*i - 17, 0 = 3*i + 12. What is the greatest common factor of 9 and h?
1
Let l be 2*-2*5/(-4). Suppose -l*h = -5*g, 0 = 5*g - 3*h + 2*h. Suppose g*w = -3*w + 162. Calculate the greatest common factor of 6 and w.
6
Let l be (-176)/(-10) - (-12)/30. Let j = -21 - -30. What is the highest common factor of l and j?
9
Let c(t) = 2*t**2 - 2*t - 5. Let r be c(-5). Let g(s) = -s. Let o be g(-4). Let d be (-45)/(-4) - 1/o. Calculate the highest common factor of d and r.
11
Let b = 4 - -2. Suppose 0*h + 14 = 